p) = p + t - 6 - 1. What is the units digit of f(6)?
1
Let z = 88 - 112. What is the tens digit of 1*76 - (-24 - z)?
7
Let j be 1/((-44)/(-20) - 2). Suppose 4 = j*w - 1. Suppose -w - 33 = -f. What is the tens digit of f?
3
Let r(b) = 0*b - 2*b + 26 + 3*b - 10. What is the units digit of r(-8)?
8
Let d be (-2)/((-44)/(-48) - (-1)/(-4)). What is the tens digit of -29*2/d*3?
5
Let d be (39/(-65))/(1/(-5)). Suppose -42 = l - d*l. What is the units digit of l?
1
Let a(d) = -2*d - 27. Suppose -18*l = -20*l - 30. Let q be a(l). Suppose -q*p + 232 = p. What is the tens digit of p?
5
Suppose 0 = -4*l + 17 + 3. Let x = -11 + l. Let s(n) = -n**3 - 6*n**2 - 6*n - 8. What is the tens digit of s(x)?
2
Suppose -7*t = -t + 150. What is the units digit of -1*(t + -1 + 3)?
3
Let p(g) = -g + 16. Let b be p(10). What is the tens digit of 465/b - (-8)/16?
7
What is the hundreds digit of (0 - -1)/((-3)/(-2766))?
9
Suppose 0 = j - 140 + 34. What is the units digit of j?
6
Let n(s) = -s**2 + s + 1. Let f(d) = 18*d**2 - 12*d - 18. Let c(u) = f(u) + 15*n(u). Let k be c(-3). What is the units digit of 110/k - 2/6?
7
Let i(a) = -a - 21. Let p be i(-11). Let c(g) = -8*g + 20. What is the tens digit of c(p)?
0
Let u(t) = -t**3 + 2*t**2 + 10*t + 2. What is the units digit of u(-10)?
2
Let u = 310 + -119. What is the units digit of u?
1
Let z(w) = w**3 - 4*w**2 - 4*w + 4. Let h(m) = 11*m**2 - 3*m**3 + 5 - 9 - 9 + 13*m. Let o(i) = -2*h(i) - 7*z(i). What is the tens digit of o(6)?
1
Suppose 7*t - 9*t + 4096 = -2*o, -5*t = -3*o - 10234. What is the tens digit of t?
4
Suppose 0*w + 9 = -a + 5*w, w = 3. Suppose 0 = a*v + v - 2044. What is the hundreds digit of v?
2
Let n(r) = -r**3 - r**2 - 3*r + 12. What is the hundreds digit of n(-5)?
1
Let l(g) = 2*g**3 - 28*g**2 + 21*g - 15. What is the tens digit of l(14)?
7
Suppose -4*q - 5*o - 25 + 73 = 0, -5*q + 4*o + 60 = 0. Suppose 5*a - 4*a = q. Let d(u) = -u**2 + 13*u + 4. What is the units digit of d(a)?
6
Suppose -4*k + 94 = 2*p, p = -5*k + 2*p + 100. Let c(f) = 2*f**2 - 16*f - 25. Let x be c(9). What is the tens digit of x*(-6)/k*24?
4
Let b(n) = 21*n**2 + 3*n + 2. Let x be b(-1). Suppose -x*k = -14*k - 546. What is the units digit of k?
1
Let g(n) = 7*n**2 + 38*n + 11. What is the hundreds digit of g(-11)?
4
What is the hundreds digit of 25167/8 - (-2 + (-210)/(-112))?
1
Suppose 52*v - 65924 = 35840. What is the tens digit of v?
5
Suppose -2*k + 0*k + 52 = 0. Let h = -36 + k. Let b(m) = m**3 + 9*m**2 - 11*m - 5. What is the units digit of b(h)?
5
Let s(x) = -4*x + 16. Let g(y) = -y**2 - 7*y + 21. Let a(m) = -m**2 + 2*m - 7. Let w be a(3). Let d be g(w). What is the tens digit of s(d)?
5
Suppose -9*o = -11*o. Suppose r - k - 68 = o, 3*k - k = r - 66. What is the units digit of r?
0
Let f = 969 - -102. Suppose -3*h - f = -10*h. Suppose h = 4*v - 3*p, v - 6*p - 45 = -3*p. What is the tens digit of v?
3
Suppose -5*m - 145 = r + r, 2*m + 2*r = -64. Let j be m/12*(-40)/15. Let g(d) = 4*d + 4. What is the units digit of g(j)?
8
Let k = -53 - -1004. What is the units digit of k?
1
Suppose -923*g + 2910 = -920*g. What is the units digit of g?
0
Suppose -z - 34 = -3*z. Suppose d + 3*w = -2*w + 15, 4*w = 5*d - z. Let p(h) = 8*h - 16. What is the units digit of p(d)?
4
Suppose 2*m + 4*f - 14 = 0, 2*f = -4*m - 3*f + 37. Let t be (0 - 1)*78/m. Let k(g) = -g**2 - 8*g - 4. What is the units digit of k(t)?
8
Let m = 6 - 11. Let d(g) = 3*g**2 + 6*g - 2. What is the units digit of d(m)?
3
Let p(w) = w**2 - 4*w. Let v be p(3). Let y be 2 + 4 + 1 - v. What is the units digit of (3/(-3) - y)*-3?
3
Suppose -5*q - 96 = -q. What is the tens digit of q/(-9)*(11 - 2)?
2
Let k(i) = i**3 + 3*i**2 - 3*i - 1. Let p be k(-3). Let r(h) = 15*h + 28. Let w(m) = 4*m + 9. Let z(g) = 4*r(g) - 14*w(g). What is the tens digit of z(p)?
1
Let y(z) = z - 2. Let o be y(8). Let w be (o + -8)/(2/(-4)). Suppose -2*v + 7 = m, 6 = w*v + 4*m + 2. What is the units digit of v?
6
Suppose -2*w - 3 = 5*s, -5*w + 7 + 2 = -4*s. What is the units digit of (-38)/s - -1 - (2 - 4)?
1
What is the hundreds digit of 27049/5 + (-166)/(-830)?
4
Let l = -1210 - -2992. What is the tens digit of l?
8
Let m(g) = 53*g - 314. What is the tens digit of m(41)?
5
What is the hundreds digit of 2677/7 + -5 + 156/28?
3
Let s(r) = r**2 + 25*r - 48. Let k be s(-27). Suppose 16*d - 1620 = k*d. What is the tens digit of d?
6
Suppose 5*v + 27 = 307. Suppose 3*w + w + v = 0. What is the units digit of (-4)/w - 206/(-14)?
5
Suppose -51*a + 92210 + 21367 = 0. What is the hundreds digit of a?
2
Let p(d) = d**2 - 8*d - 5. Let m be p(7). Let q = 25 - 5. Let z = m + q. What is the units digit of z?
8
Let w be (-1*3)/(45/(-2580)). What is the units digit of (2 - 12/5) + w/5?
4
Suppose 10*l = 9*l + 114. What is the hundreds digit of l?
1
Let u = 3433 - 2213. What is the tens digit of u?
2
Let g(w) = -w**3 + 6*w**2 - 23*w + 78. What is the units digit of g(4)?
8
Let d = -454 + 498. What is the tens digit of d?
4
Suppose 3*v - 4*y = 39, 8*v - 2*y - 79 = 3*v. Let t = v - 12. Suppose -4*s - 22 = -t*s. What is the tens digit of s?
2
Suppose 0 = g + 4*o - 18 - 65, -8 = 2*o. Suppose -7*r + 4*r + g = 0. What is the tens digit of r?
3
Let f(q) = -14*q + 4. Let c be f(5). Let t = -30 - c. Let m = t + -4. What is the units digit of m?
2
Let c(s) = -28*s - 5. Suppose 3*g + 0*g = -d - 11, g - 8 = 2*d. What is the tens digit of c(g)?
5
Let z(y) = -5*y**2 + 6*y + 11. Let f be z(6). Let p = f + 200. What is the units digit of p?
7
Let r be ((-6)/(-10))/(11/55). Suppose 5*i - 13 = o, -4*i - r*o + 2*o + 5 = 0. Suppose i*a + 20 = y, -3 + 9 = -3*a. What is the units digit of y?
6
Let k = 53 + 0. Let i = k - 26. What is the tens digit of i?
2
Let l = 388 - 7. Suppose 0 = -h + 4*h - l. What is the units digit of h?
7
Let q(f) = -f**2 + 5*f - 3. Let h be q(5). Let j(m) = -5*m + 4. Let u be j(h). Suppose i - 2*d = u, -3*i + 64 = d - 0*d. What is the tens digit of i?
2
Let y(w) = 11*w**2 - 11*w - 24. What is the tens digit of y(11)?
8
Suppose 4*d - 40 = -0*d + 4*l, 2*l + 25 = 3*d. Let o(i) = -i**3 + 6*i**2 - 4*i + 14. What is the tens digit of o(d)?
1
Let r(c) = c**2 - 17*c - 11. Let l be r(18). What is the tens digit of (1/2)/(l/2198)?
5
Let d = 529 - -505. What is the thousands digit of d?
1
Let y(x) = -2*x**2 - 20*x - 30. Let v be y(-13). Let r = -41 - v. What is the units digit of r?
7
Suppose 2*l = 2*g + 4, 3*l - 2 - 4 = 4*g. Let b(u) = 1 + u + u + 3*u**2 - 1. What is the units digit of b(l)?
6
Let k(q) be the second derivative of q**7/840 + q**6/90 - q**4/8 - q**3/6 - q. Let h(t) be the second derivative of k(t). What is the units digit of h(-3)?
6
Let k = -14 - -13. Let b be (-1 + k)*(-12)/(-8). What is the units digit of 3*b/(-1) + -1?
8
What is the hundreds digit of (-54)/12*978/((-15)/5)?
4
Suppose -328*b - 896 = -330*b. What is the units digit of b?
8
What is the units digit of 7 + -15 - (-208 - 5)?
5
Let b = -2303 + 3477. What is the thousands digit of b?
1
Let u = -4 - -16. Let z = 10 - u. What is the units digit of (-26)/(-4) - (-1)/z?
6
Suppose 605 + 639 = 2*c. What is the units digit of c?
2
What is the units digit of ((-1850)/111)/(1/(-144)*1)?
0
What is the hundreds digit of (-170 + (-4 - 5))*-1?
1
What is the tens digit of -6*1*((-25)/15 - 1)?
1
What is the units digit of 2*8204/8*(-36)/(-126)?
6
Suppose -g + 0*j + 15 = -5*j, 4*g + 4*j - 12 = 0. Suppose 2*p + 913 = g*b, 3*b - 7*p + 10*p = 531. What is the tens digit of b?
8
Suppose z + 10 = 5*m, -2*m = 5*z - m - 28. Suppose 3*d = 2*t + t + 12, 0 = z*d + t - 44. Suppose -12 = 5*c - d*c. What is the units digit of c?
4
What is the units digit of ((-100)/200)/((-2)/5148)?
7
Suppose -4284 = -41*q - q. Let v(g) = -54*g**3 + g**2 - 2*g + 1. Let n be v(1). Let b = n + q. What is the tens digit of b?
4
Let v = 179 - 125. Suppose 10 = 4*x - v. What is the tens digit of x?
1
Let y(g) = -105*g - 87. Let z be y(-10). Suppose 8*n + z = 3*i + 5*n, -5*i + 4*n = -1600. What is the tens digit of i?
1
Let n = -4 + 6. Suppose n*b - 290 = -3*b. Suppose 0 = -2*t + 4*t - b. What is the tens digit of t?
2
Let z(u) = 852*u**2 - 3*u + 3. Let l be z(1). Suppose -l = -3*h - 3*h. What is the units digit of h?
2
Suppose -4*y + 2*w + 635 = 7*w, -5*y + w + 801 = 0. What is the hundreds digit of y?
1
W